actors of 59200749.
3, 17, 97, 3989
List the prime factors of 625551398.
2, 312775699
What are the prime factors of 29185816?
2, 11, 61, 5437
What are the prime factors of 55155250?
2, 5, 41, 5381
List the prime factors of 21646710.
2, 3, 5, 80173
What are the prime factors of 1214591298?
2, 3, 41, 4937363
List the prime factors of 4404672954.
2, 3, 11, 347, 64109
List the prime factors of 19340691.
3, 389, 16573
List the prime factors of 43886975.
5, 11, 159589
What are the prime factors of 155475723?
3, 13, 443, 8999
List the prime factors of 6127050.
2, 3, 5, 40847
What are the prime factors of 64519316?
2, 29, 313, 1777
What are the prime factors of 2187003815?
5, 229, 1910047
List the prime factors of 36061529.
7, 29, 401, 443
List the prime factors of 400749918.
2, 3, 47, 1421099
List the prime factors of 122214663.
3, 23, 37, 197
What are the prime factors of 88260338?
2, 23, 43, 44621
List the prime factors of 3308826408.
2, 3, 8599, 16033
What are the prime factors of 99455211?
3, 11050579
What are the prime factors of 346874714?
2, 317, 547121
What are the prime factors of 4962171027?
3, 11, 443, 339433
What are the prime factors of 51474117?
3, 97, 176887
What are the prime factors of 5399168662?
2, 1511, 1786621
What are the prime factors of 142941709?
163, 421, 2083
What are the prime factors of 2292855597?
3, 491, 518863
What are the prime factors of 999751155?
3, 5, 13, 5126929
What are the prime factors of 123518931?
3, 2473, 16649
What are the prime factors of 400046494?
2, 200023247
What are the prime factors of 530934415?
5, 11, 23, 419711
What are the prime factors of 72553822?
2, 11, 23, 143387
What are the prime factors of 273447715?
5, 19, 2878397
List the prime factors of 290455605.
3, 5, 11, 195593
List the prime factors of 123961190.
2, 5, 12396119
What are the prime factors of 1362276561?
3, 1163, 390449
List the prime factors of 62258098.
2, 7, 19, 59, 3967
What are the prime factors of 3073620229?
37, 367, 461, 491
What are the prime factors of 253396384?
2, 7918637
What are the prime factors of 925216271?
7, 132173753
List the prime factors of 40693531.
1423, 28597
List the prime factors of 487233817.
7, 23, 43, 70379
List the prime factors of 167443494.
2, 3, 389, 71741
What are the prime factors of 675054377?
17, 43, 923467
List the prime factors of 83768202.
2, 3, 7, 167, 1327
List the prime factors of 40288851.
3, 53, 84463
List the prime factors of 6830901235.
5, 353, 3870199
List the prime factors of 317148978.
2, 3, 23, 37, 179, 347
List the prime factors of 2477256641.
79, 389, 80611
List the prime factors of 1895490524.
2, 473872631
List the prime factors of 1063521555.
3, 5, 691, 102607
What are the prime factors of 150502193?
43, 97, 36083
List the prime factors of 110452840.
2, 5, 1091, 2531
List the prime factors of 118511379.
3, 7, 19, 181, 547
What are the prime factors of 837415372?
2, 23, 683, 13327
List the prime factors of 49116779.
49116779
List the prime factors of 151172317.
157, 6133
List the prime factors of 57047606.
2, 7, 11, 370439
List the prime factors of 768182157.
3, 71, 400721
List the prime factors of 3038759512.
2, 1543, 246173
What are the prime factors of 33799767?
3, 2243, 5023
List the prime factors of 853493552.
2, 3539, 15073
What are the prime factors of 5845037666?
2, 13, 3191, 70451
What are the prime factors of 5511027497?
22367, 246391
List the prime factors of 2197500148.
2, 163, 1523, 2213
List the prime factors of 88153820.
2, 5, 4407691
What are the prime factors of 2653392493?
23, 115364891
List the prime factors of 78148909.
73, 1070533
List the prime factors of 55141688.
2, 7, 251, 3923
What are the prime factors of 187318910?
2, 5, 19, 797, 1237
What are the prime factors of 232023602?
2, 116011801
What are the prime factors of 51103665?
3, 5, 61, 18617
What are the prime factors of 24589595?
5, 151, 32569
List the prime factors of 241283244.
2, 3, 17, 349, 3389
List the prime factors of 3149111185.
5, 11, 103, 587, 947
What are the prime factors of 458437321?
197, 941, 2473
What are the prime factors of 3443162394?
2, 3, 7, 81980057
What are the prime factors of 105667952?
2, 13, 508019
List the prime factors of 778229439.
3, 13, 89, 224209
What are the prime factors of 236078364?
2, 3, 4219, 4663
List the prime factors of 8191842687.
3, 7, 2011, 3079
List the prime factors of 119188897.
113, 1054769
What are the prime factors of 860146840?
2, 5, 7, 59, 52067
What are the prime factors of 79242416?
2, 11, 61
List the prime factors of 91001118.
2, 3, 13, 47, 103, 241
List the prime factors of 53620309.
409, 131101
What are the prime factors of 409459563?
3, 31, 251, 1949
What are the prime factors of 589247819?
1709, 344791
What are the prime factors of 22339308?
2, 3, 1097, 1697
List the prime factors of 95064432.
2, 3, 101, 19609
What are the prime factors of 213852579?
3, 269, 264997
List the prime factors of 95208989.
307, 310127
List the prime factors of 110109728.
2, 3440929
What are the prime factors of 61224763?
79, 774997
List the prime factors of 276892029.
3, 29, 97, 10937
What are the prime factors of 1296943304?
2, 127, 257, 4967
List the prime factors of 1527212159.
11, 138837469
List the prime factors of 492801764.
2, 7, 13, 733, 1847
What are the prime factors of 56820704?
2, 1775647
List the prime factors of 10089901.
10089901
List the prime factors of 60174902.
2, 733, 41047
What are the prime factors of 14800883?
1879, 7877
What are the prime factors of 561470475?
3, 5, 17, 419, 1051
List the prime factors of 428107082.
2, 13, 1266589
List the prime factors of 1280503124.
2, 320125781
What are the prime factors of 817476704?
2, 11, 2322377
List the prime factors of 88083371.
88083371
What are the prime factors of 8725193872?
2, 233, 281, 8329
List the prime factors of 528857759.
1123, 470933
What are the prime factors of 1053973099?
601, 1019, 1721
List the prime factors of 736509121.
736509121
List the prime factors of 5967751221.
3, 229, 107243
What are the prime factors of 3835002380?
2, 5, 11, 17431829
List the prime factors of 1640928420.
2, 3, 5, 9116269
What are the prime factors of 18746889?
3, 7, 892709
List the prime factors of 43665326.
2, 97, 225079
What are the prime factors of 218897473?
53, 71, 58171
List the prime factors of 971383986.
2, 3, 139, 223, 1741
List the prime factors of 790564104.
2, 3, 11, 332729
List the prime factors of 33273949.
33273949
List the prime factors of 109761106.
2, 7, 13, 23, 2017
What are the prime factors of 102864142?
2, 23, 227, 9851
List the prime factors of 2449741906.
2, 43, 103, 276557
List the prime factors of 2610699785.
5, 179, 719, 4057
What are the prime factors of 685145606?
2, 342572803
List the prime factors of 1548665465.
5, 281, 1102253
List the prime factors of 69403517.
107, 648631
List the prime factors of 1307609486.
2, 653804743
List the prime factors of 2013991102.
2, 277, 3635363
What are the prime factors of 43343105?
5, 13, 353, 1889
List the prime factors of 82660135.
5, 401, 41227
List the prime factors of 1056804400.
2, 5, 47, 67, 839
What are the prime factors of 17432275?
5, 7, 23, 61, 71
What are the prime factors of 509942993?
7, 457, 159407
What are the prime factors of 494471872?
2, 7726123
What are the prime factors of 193769860?
2, 5, 1249, 7757
List the prime factors of 192103942.
2, 41, 2342731
List the prime factors of 810462503.
223, 1097, 3313
What are the prime factors of 867752079?
3, 827, 349759
What are the prime factors of 71664010?
2, 5, 11, 17, 19, 2017
What are the prime factors of 87119139?
3, 661, 43933
List the prime factors of 3060542506.
2, 7, 218610179
What are the prime factors of 1407033904?
2, 19, 4628401
What are the prime factors of 14437823?
601, 24023
List the prime factors of 2989296517.
2989296517
What are the prime factors of 755821051?
755821051
What are the prime factors of 2683975753?
31, 263, 329201
What are the prime factors of 192822093?
3, 239, 29881
List the prime factors of 447380499.
3, 31, 197, 24419
What are the prime factors of 374571223?
13, 97, 139, 2137
What are the prime factors of 916506216?
2, 3, 12729253
List the prime factors of 8906445.
3, 5, 197921
What are the prime factors of 47791415?
5, 7, 97, 2011
List